t(x). Let i(j) = j + 13. Give i(c).
4
Suppose b - 3*n = -6, 4*b = n + 6 + 3. Let d(r) = 3 - 6 + r**2 + 1. Determine d(b).
7
Let b be 4/14 + 66/14. Let x(o) = b*o + o**3 + 2*o - 3 + 5*o**2 + 9. Determine x(-4).
-6
Let s be (21/(-6) - -4)*-14. Let u = 13 + s. Let v(h) = -h + 3. What is v(u)?
-3
Let z(r) = -r**2 - 21. Suppose 11*n - 4*n = 0. What is z(n)?
-21
Let d(m) = -5*m**3 - m**2 - 2*m - 1. Let z be d(-1). Let i(o) = 10*o + 0*o - 1 - 14*o - o**2 + o**3 + z*o. What is i(1)?
0
Let u = 81 - 189. Let l be u/(-6) + -2 + 5. Let f = 25 - l. Let o(t) = t**3 - 5*t**2 + 4*t + 2. Give o(f).
2
Let j(p) be the first derivative of -p**2 - 5*p - 344. Determine j(-8).
11
Let y = 977 - 971. Let n(o) = o**3 - 7*o**2 + 8*o + 2. What is n(y)?
14
Let h(l) = l - 4. Let r(d) = -d**3 - 10*d**2 + 3. Let m be r(-10). Let q(j) = -3*j**2 - 2*j + 3. Let v be q(m). Let o be -5*4*3/v. Give h(o).
-2
Let u(z) = -20*z**2 - 25*z + 8. Let q(k) = -11*k**2 - 13*k + 4. Let r(i) = 11*q(i) - 6*u(i). What is r(5)?
6
Let j(o) = -o**2 + 6*o - 8. Let q = 10 + -28. Let t = q - -11. Let z(g) = -3*g - 15. Let w be z(t). Give j(w).
-8
Let r(f) be the first derivative of 6*f**2 + 2*f + 148. Give r(-1).
-10
Let p(z) be the second derivative of -2*z**3/3 + z**2/2 - 2*z. Let k(w) = w**3 - 7*w**2 + 3*w + 1. Let s be k(7). Let f = s - 21. Calculate p(f).
-3
Let a(b) be the second derivative of -b**3/2 + 23*b**2/2 - 211*b - 1. Give a(7).
2
Let d(r) = 4*r**2 + 2*r - 10. Let k(q) = 7*q**2 + 3*q - 19. Suppose 0*z + 12 = 4*z. Let t(h) = z*k(h) - 5*d(h). What is t(0)?
-7
Suppose 0*v + 11961 = t - 3*v, -59890 = -5*t - 2*v. Let m be t/44 - (-6)/(-33). Let c be 2/(-9) + m/(-72). Let l(y) = 2*y + 1. Calculate l(c).
-7
Let i be (0 + -2)*(2 + -1). Let h(x) = x**2 - 1 - 2*x**2 - 5 + 5. Give h(i).
-5
Let u(n) = -4*n + 10. Let c = -463 - -470. Calculate u(c).
-18
Let y(n) be the third derivative of n**6/360 - n**5/120 - 5*n**4/12 + 5*n**3/3 - 32*n**2. Let m(c) be the first derivative of y(c). Calculate m(0).
-10
Let m(w) = w**3 - 3*w**2 - 4*w - 4. Suppose x + 2*x = 18. Suppose -x*p + 36 = -3*p. Suppose -r - 2*v - p = 2*v, 5*r - 40 = 5*v. What is m(r)?
-4
Suppose -3*w + 9*w = -48. Let o(i) be the first derivative of i**3/3 + 4*i**2 - 2*i - 14. Determine o(w).
-2
Let d(a) = a**3 + a**2 - 14. Suppose -7*u + 2*u + 40 = 0. Let o be (u - 18)*(-1 - 1). Let p be 0*(-3 + o/8). Determine d(p).
-14
Let s(c) = c**3 + 4. Let v(o) = -o**3 + 5*o**2 - 2*o - 8. Let a be v(4). Let y be s(a). Let q(u) = -u + 4. Determine q(y).
0
Let a be (370/15)/(1 + (-4)/3). Let g = 79 + a. Let d(c) = -c**2 + 6*c - 2. What is d(g)?
3
Let f be 5*(3 - 39/15). Let u(o) = 3*o**2 + 5*o**2 - 9*o**f - 5 - 1 - 11*o. Determine u(-11).
-6
Let i = 16 - 25. Let a = -6 - i. Let r(x) = 7 + 7*x**3 - 3*x**2 - 2*x**2 - 8*x**a. Give r(-5).
7
Let o be 2 - 100/45 - 129/27. Let y(l) = -5*l**2 - 3*l - 1. Let p(n) = -6*n**2 - 3*n - 1. Let k(h) = 4*p(h) - 5*y(h). Determine k(o).
11
Let a(b) = b**3 + b + 1. Let l = -60 + 61. Suppose -l = 81*g - 80*g. Give a(g).
-1
Let c(l) = 13*l - 2. Let u(d) = -9*d + 1. Let h(v) = 5*c(v) + 7*u(v). Calculate h(3).
3
Let x(w) = w**2 - 2*w + 8. Suppose 5*g - 4*c + 32 = 7*g, 5*g - c = 25. Determine x(g).
32
Let c be (-1 - -3) + (-4 - (-3 + -2)). Let d(n) be the first derivative of n**3 - 5*n**2/2 + 2*n + 15. Give d(c).
14
Let i be (-240)/17 + 4/34. Let j = 11 + i. Let s(l) = -4*l. What is s(j)?
12
Let u(r) = -2*r**3 - 3*r**2 - 2*r. Let h be u(-2). Suppose 6*o = 2*o - h. Let j(i) be the first derivative of i**2 + 1. Give j(o).
-4
Let r(f) = -f**3 + 5*f**2 - 4*f - 8*f - 2 + 18*f - 2*f**2. Give r(4).
6
Let u be 1540/255 - (-42)/(-1071). Let t(p) = -p**2 + 10*p - 7. Determine t(u).
17
Let s(v) be the first derivative of v**2/2 - 7*v - 23. Let d = -11 - -16. What is s(d)?
-2
Let p(s) = 13*s + 0 - 6 - 10*s. What is p(4)?
6
Let a = -1579 - -1571. Let c(s) = -5*s + 3. What is c(a)?
43
Let j = -60 + 74. Let k(m) = j*m**3 - 5 - 13*m**3 - 2*m - 5*m**2 - 2*m**3. What is k(-4)?
-13
Let a(h) be the second derivative of 6*h + h**2 + 0 - 1/6*h**3. Determine a(-3).
5
Let b(i) = -i - 4. Let v(z) = -z**2 - 3*z + 6. Let g be v(-4). Suppose 3*m = 2*t - g, 5*t = 4*m + 6 + 6. Let j be 0/((m + -1)*-1). What is b(j)?
-4
Let c(x) be the third derivative of -1/2*x**3 - 13*x**2 - 1/24*x**4 + 0 + 0*x. Determine c(-4).
1
Let d(n) = -11 - 2*n + 14 + n - 7 + 14. Calculate d(12).
-2
Let o(r) be the third derivative of r**4/24 + 7*r**3/2 + 3*r**2 + 36. What is o(0)?
21
Let j(p) = p**3 - 4*p**2 + 57 - 3*p**3 - 53 + 3*p**3 + 4*p + 8*p**2. Determine j(-2).
4
Let d(s) be the second derivative of -s**4/12 - 3*s**3/2 + s**2/2 - 8*s. Let q be d(-9). Let b(k) = 3*k + 6*k - 5*k - q + 0. Give b(-1).
-5
Let m(g) = -3*g - 1. Suppose -151*u - 1 = -150*u. Give m(u).
2
Let b(r) be the first derivative of -r + 2*r**2 - 1/3*r**3 + 3. Let x(f) = -3*f - 1. Let m be x(-2). Give b(m).
-6
Let s be (-12)/(-9)*(3 - 0). Suppose -s*z = -9*z + 15. Let f(y) = -y - 1. Calculate f(z).
-4
Suppose 3*c + 0 - 3 = 0. Suppose -n + c = 7. Let b(t) = -t**2 - 7*t - 4. Let g be b(n). Let k(o) = o - 2. Determine k(g).
0
Let l(u) = 6*u**3 - 18*u**2 + 3*u - 8. Let h be l(3). Let s(q) = 4*q. Let b(n) = n. Let v(t) = 5*b(t) - s(t). What is v(h)?
1
Let n be ((-21)/(-3) - 6)*0. Let f(j) = -3*j - 6. Let o(g) = 2*g + 6. Let d(z) = -3*f(z) - 4*o(z). What is d(n)?
-6
Let n(w) = -w - 1. Let g(p) = -9*p + 3. Let s(d) = -g(d) - 2*n(d). Suppose -3*l = -0*l - 18. Suppose 2*c + l = 4*o, c = -3 + 2. Give s(o).
10
Let s = 328 + -471. Let a = -137 - s. Let c(n) = -2*n + 9. What is c(a)?
-3
Let i(v) = 15 - 5 - 1 - 8*v - 8. What is i(-2)?
17
Let z(s) = s**3 + 6*s**2 + 5*s + 3. Let g be z(-5). Let l(p) = p + p**g - 4*p**2 - p**2 - 3 + 8*p**2. Let b be (-54)/36*2*1. What is l(b)?
-6
Let h(x) = -4*x**3 - 5*x**2 + 20*x - 21. Let i(o) = -o**3 - o**2 + 4*o + 2. Let f(r) = -h(r) + 5*i(r). Determine f(0).
31
Let c(a) = a**2 + 3*a - 2. Let t be c(-4). Suppose 0 = -0*r + t*r - 10. Let o(j) = r - 5 + 5*j. Give o(2).
10
Let p(h) = 2*h - 1. Let z(o) = -o**3 + 4*o**2 + 2*o - 1. Suppose 4*w + 2 = -2*g, g + 2*w - 14 = -3*g. Let b be z(g). Let u be b/(-3) + 12/(-9). Calculate p(u).
7
Let a(f) = -f**3 + 5*f**2 - 3*f - 1. Suppose -125 = 3*i + 2*i. Suppose -3*n + 96 = 3*w, 5*n - 4*w - 154 = -7*w. Let v = n + i. Give a(v).
3
Let w(r) be the second derivative of -r**3 - 1/360*r**6 - 1/12*r**4 + 2*r + 0 + 0*r**2 + 1/30*r**5. Let n(u) be the second derivative of w(u). Calculate n(4).
-2
Suppose 2*u - 2 - 28 = -4*d, 20 = 4*u. Let l be d*(6/(-15))/1 + 6. Let j(s) = -s**2 + 6*s - 5. What is j(l)?
3
Let c(w) = -10*w - 76. Let h(a) = -a - 6. Let v(j) = -c(j) + 12*h(j). Calculate v(9).
-14
Let f be (-6)/(-4)*(5 - -5). Let y = 6 + -3. Suppose 3*j + y + f = 0. Let d(o) = o**3 + 5*o**2 - 5*o + 4. What is d(j)?
-2
Let g(q) = -q**2 - 3*q + 10. Let w be g(-5). Let s(k) = 7*k + 12*k**2 + w + 5 + k**2 + k**3 - 7*k**2. Determine s(-4).
9
Let h(n) = -4*n + 4*n**3 - 4*n**2 + 2 - 4 + 7*n + 1. Determine h(2).
21
Suppose -5*v - 12 = -t + 3*t, -5*t + 40 = -5*v. Let u be (3 - 7) + (-7)/((-7)/6). Let a(o) = o**u + 4 - 3 + 1 - 3*o. Determine a(t).
6
Let f = -1 - -25. Let l = 18 - f. Let j(t) = -t**2 - t + 1. Let r(b) = b**2 - 5*b - 8. Let y(g) = -2*j(g) - r(g). What is y(l)?
0
Let j(d) = -5*d**3 + 20*d**2 + 14*d + 7. Let k(y) = 5 + 24*y**3 - 27*y**3 + 6*y**2 + 9*y + 7*y**2. Let s(x) = 5*j(x) - 8*k(x). Determine s(-4).
3
Let h be ((-4)/5)/((-16)/120). Let v = h + -5. Let a(z) = -v + 9 + 3 + z. Calculate a(-5).
6
Let q(j) be the first derivative of -8 - 5/2*j**2 + 1/6*j**3 - 9*j. Let t(u) be the first derivative of q(u). Calculate t(6).
1
Let a(j) = -3*j - 3. Suppose -2*w - 3 + 11 = 0. What is a(w)?
-15
Let i(x) = x**3 - 5*x**2 + 4*x - 1. Let f(z) = -4*z - 58 + 4*z + 77 - 2*z. Let s be f(8). Give i(s).
-7
Suppose -10*a + 4*a = -18. Suppose -b = 3*u - 17, b - 4 - 18 = -4*u. Let h(x) = x - 2 - 2*x + b*x. What is h(a)?
1
Let p(x) = -2*x**2 + 2*x + 1. Let k be 6/(-10) + 222/(-30). Let b be 16/k - (-2 + 1). Calculate p(b).
-3
Let u(k) = -2*k - 16*k + 322 - 4*k - 3*k**2 - 315. Determine u(-8).
-9
Suppose 20 - 44 = 6*v. Let b(l) = l**2 + l - 5. Give b(v).
7
Suppose -4*j = -2*r - 2*r - 16, -25 = -5*r - 4*j. Let a = 4 - r. Let f(s) be the second derivative of -s**5/20 + s**4/6 + s**2